e -3*i = 0, 5*s + 9*i - h*i = 6080. What is the thousands digit of s?
1
Let o be 18*(-414)/(-27) - (-1)/(-1). What is the units digit of o/33 + (-12)/9?
7
Let f(l) = -l**3 - 7*l**2 - 4*l - 10. Let s be f(-7). Suppose m + 23 - s = 0. What is the units digit of 138/15 - (-1)/m?
9
Suppose -2*w - 1930 = 4*t - 49826, 32*w + t - 766462 = 0. What is the hundreds digit of w?
9
Let t = 1787 + -1024. Suppose t = 2*f - 5*h, 4*h = -f + 470 - 82. Suppose v = -7*v + f. What is the units digit of v?
8
Suppose -22*t + 8 = -26*t. Let b be (t/3)/2 - 1309/(-3). Suppose r - 5*r + b = 0. What is the units digit of r?
9
Suppose 8 = l + 54. Let m be -3 + 3*(-17)/3. Let u = m - l. What is the units digit of u?
6
Let s = -47382 - -73789. What is the tens digit of s?
0
Let s(g) be the first derivative of -g**4/4 + 8*g**3/3 + 7*g**2 + 23*g - 58. What is the units digit of s(9)?
8
Let r(c) = 1163*c**2 - 76*c + 296. What is the hundreds digit of r(4)?
6
Let r(l) = l**3 - l**2 + 2*l + 2. Let q be r(-1). Let t be (238 + -14)*q/(-4). Suppose -2*f + n + t = -67, 3*f = 5*n + 265. What is the tens digit of f?
9
Suppose 4*j + j + 19 = -z, 49 = -5*z - 2*j. What is the hundreds digit of z + 9 - 7 - -834?
8
Let p(u) = 2*u**2 + 4*u + 3. Let x be p(-2). Let b(y) = x - 4 + 5 - 8 + 5*y. What is the units digit of b(8)?
6
Let k = -6164 + 17340. What is the units digit of k?
6
Let j(w) = -w**3 - 29*w**2 + 60*w + 34. Let y be j(-31). Let o = y - -690. What is the tens digit of o?
8
Let a be 152 + ((-6)/6 - 3). Let q = 536 - a. What is the hundreds digit of q?
3
Let h = -182 + 184. Suppose -3*i - 3*w - 101 = -713, -3*i + 615 = h*w. What is the hundreds digit of i?
2
Let j(h) = 3*h**3 - 7*h**2 + 10*h - 2. Let s be (-48)/(-27)*3 - 3/9. What is the units digit of j(s)?
8
Let x = -309 - -298. What is the tens digit of (231/6)/x*(-64)/2?
1
What is the hundreds digit of 3/(1144575/(-95385) - -12)?
3
Let r(g) = -85*g - 5. Let q be r(-6). Suppose 2*a = -2*w + 504, a + a + w = q. Let p = -177 + a. What is the units digit of p?
6
Suppose 2414*f + 20724 = 2420*f. What is the units digit of f?
4
Suppose -4*o - 47 = 85. Let x = o - -326. What is the units digit of x?
3
Suppose 2*c + 132 = -2*l, c - 2*l = -0*l - 69. Let i = c + 115. Suppose -47*g = -i*g + 180. What is the hundreds digit of g?
1
Let u = -97 - -93. Let y be -2 - ((-2)/4)/(u/(-32)). Let s = y + 145. What is the hundreds digit of s?
1
Suppose 348*p = 19100215 + 132005. What is the tens digit of p?
6
Let g(m) = 292*m**3 + 5*m - 2. Let f be g(2). Suppose 7*q = 15*q - f. Let o = q + -119. What is the units digit of o?
4
Let v = 211 - 206. Suppose -o - 9*f + 46 = -6*f, v*o - 4*f - 135 = 0. What is the tens digit of o?
3
Suppose -33 = -3*r - 4*u - 76, 4*r - u = -32. Let h(b) = -b**3 - 9*b**2 - 10*b - 35. What is the units digit of h(r)?
5
What is the hundreds digit of (-97)/(3977/(-350304)) + -3*(-1)/1?
5
Suppose u - 2*t = 0, 0*t = 5*u - 4*t + 6. Let m(n) = 3*n**2 + 39*n - 10. Let x be m(-5). What is the hundreds digit of 5 + u - (-2 + x)?
1
Suppose -370*s + 192*s - 1019176 = -224*s. What is the thousands digit of s?
2
Let c(b) = 11*b - 23*b + 8 + 6*b + 5*b. Let j be c(6). Suppose 0 = -7*i + j*i + 550. What is the tens digit of i?
1
Let z(d) = -d**2 + 128*d - 381. What is the thousands digit of z(65)?
3
Let c be (-7)/(-7)*-3 + 5175. Suppose 10*w + 1432 = c. What is the tens digit of w?
7
Let v be (8*-107)/(2*(-7)/126). What is the hundreds digit of v/60 + 14/(-10)?
1
Suppose x = -3 + 15. Let s = 49 + x. Let t = s - 20. What is the units digit of t?
1
Suppose -14*r + 163 = 23. What is the units digit of (2/r)/(1/1945)?
9
Let c be 1*-8*((-4)/(-2) - -418). Let y = c - -5024. What is the tens digit of y?
6
Let g = -20545 - -22857. What is the tens digit of g?
1
Let y(i) = -i**2 - 4*i + 16. Let g be y(-7). Let v(z) = -2*z**3 + 7*z**2 + 11*z - 3. What is the hundreds digit of v(g)?
3
Let h(j) = 29 - 8 + 7*j - 3*j. Let u be h(-7). Let q = 34 - u. What is the tens digit of q?
4
Let q(m) = -5*m**2 - 2*m + 1. Let v be q(1). Let n(o) = -17*o + 5. Let z(d) = 60*d - 18. Let y(h) = 18*n(h) + 5*z(h). What is the tens digit of y(v)?
3
Let j(m) = -m**3 + 7*m**2 + 11*m + 17. Suppose -23 = -0*s + 4*s - i, -5*s = -i + 29. What is the hundreds digit of j(s)?
4
Let i = 70 - 66. Suppose -i*t = -7*t + 15. Suppose 0*w = t*w - 20, 0 = -2*f + 3*w + 22. What is the tens digit of f?
1
Let b = -83 - -91. Suppose -b*g - 5 - 11 = 0. What is the units digit of 30/(-2)*(g - (7 + 2))?
5
Suppose -12*z - 3*z = 30. Let r be 150/4 + (-1)/z. Suppose 2*x + q = 280 + r, 150 = x - 4*q. What is the hundreds digit of x?
1
Let u(o) = 6981*o**3 - o**2 - 24*o + 41. What is the units digit of u(2)?
7
Let k(s) = -1324*s - 716. What is the units digit of k(-6)?
8
Let k(n) = -148*n + 549. What is the hundreds digit of k(-18)?
2
Let r(z) be the first derivative of z**7/40 - z**5/40 + z**4/12 - 4*z**3/3 + 6. Let b(m) be the third derivative of r(m). What is the tens digit of b(2)?
6
Let q = 9 - 5. Suppose q*n - 2*l = 1980, -2*l - 1486 = -3*n - 0*l. Let x = 692 - n. What is the tens digit of x?
9
Let b(c) = 289*c**3 + 8*c**2 + 24*c - 273. What is the tens digit of b(5)?
7
Let t(a) = -13*a - 4. Let m be t(-1). Suppose 3*k = 2*r + 17, -m = -2*k + r + 2. Suppose 4*s - k*s = -3*n - 71, -3*s + n + 213 = 0. What is the tens digit of s?
7
What is the hundreds digit of 63/(-21)*30135/(-9)?
0
Let d = 16 + -8. Let q be ((-22)/4)/(7 - 60/d). Suppose 2*n = q*n - 918. What is the tens digit of n?
0
Let x = -79 - -50. Let f = 35 + x. Let c(t) = 4*t**2 - 7*t - 3. What is the tens digit of c(f)?
9
Let z = -139 - -136. What is the tens digit of 11/3 + z + 1372/21?
6
What is the units digit of 3 + (-40)/(40/8) + 53095 - -9?
9
Let a(z) = z**3 - 10*z**2 + 12*z - 22. Let b be a(9). Suppose 652 = 2*c + b*g, -2*g + 1222 + 450 = 5*c. What is the hundreds digit of c?
3
Suppose -5*y - 164 = -5*b + 31, 0 = 2*y + 10. Suppose -134 = 5*r - b. Let k = 72 + r. What is the tens digit of k?
5
Let b(w) be the third derivative of w**6/60 + w**5/12 + w**4/24 - 4*w**3/3 - w**2. Let q(u) = -2*u - 37. Let v be q(-20). What is the tens digit of b(v)?
9
Let l be 3/(-6)*-4 + 85. Let p = 17 - -29. Let f = l - p. What is the units digit of f?
1
Suppose 3*h - 230 = -7*h. Suppose 6740 + 9291 = h*y. What is the units digit of y?
7
Suppose 4*o - 3*o - 1076 = j, -5*j - 5*o = 5340. Let t = 2134 + j. What is the tens digit of t?
6
Let v = 435 - 703. Let k = 18 - v. What is the tens digit of k?
8
Let u(d) = 3679*d - 9652. What is the units digit of u(17)?
1
Let x(g) = 201*g**2 + 82*g + 272. What is the thousands digit of x(-15)?
4
Let i(q) = -q**2 + 27*q + 44. Let y be i(34). Let x = 236 + y. What is the units digit of x?
2
Let h(g) = g**3 + 5*g**2 + 6*g - 10. Let t be h(4). Let f = t - -2. Let y = 244 - f. What is the tens digit of y?
8
Let v(s) = 12*s + 16. Let x be v(-5). Let l = x + 59. Let t(r) = 3*r + 21. What is the tens digit of t(l)?
6
Suppose 0 = -4*t - 4*n + 4, -6*t + 2*t - 5*n = -3. Suppose -d + 87 = -3*s, t*d - 2*s - 67 = 99. Let y = d - 63. What is the units digit of y?
8
Let f(b) = 0*b**2 + 4 - b**2 + 2*b + 2*b**2 + 3*b**2. Let m be f(4). Let s = m - -82. What is the units digit of s?
8
Let p be (68/(-85))/(57/(-30) - -2). Let i(n) = -n**3 + 2*n**2 + 4*n - 36. What is the tens digit of i(p)?
7
Let p = 3285 + 94. What is the units digit of p?
9
Suppose 0 = 430*p - 392*p - 473898. What is the tens digit of p?
7
Suppose -2*j + 113 + 29 = 0. Let n = 104 - j. What is the units digit of (n/(-44))/(1/(-268))?
1
Let g(a) = -11*a**2 - 1 - 16*a**2 + 5*a**3 + 4*a + 19*a**2. What is the units digit of g(3)?
4
Let x = 9763 - 1602. What is the tens digit of x?
6
Suppose l - 62734 = -4*f, -5*f - 6001 = -3*l + 182184. What is the units digit of l?
0
Let o(s) = 429*s + 149. What is the hundreds digit of o(5)?
2
Let p(c) = 2*c**2 - 11*c. Let h(b) = 3*b**2 - 21*b + 1. Let m(o) = -3*h(o) + 5*p(o). Let g be m(7). Suppose -5*a - g = -257. What is the units digit of a?
1
Suppose -326*g = -278*g - 759792. What is the thousands digit of g?
5
Let z = 52 + -136. Let t = z + 110. What is the units digit of t?
6
Let m be 1/(2 + 3/(-2)). Let s be -140*(m - (5 - 1)). Let r = -90 + s. What is the hundreds digit of r?
1
Let l = 69 - 65. Suppose -p - l*p = 975. Let